2, 7
List the prime factors of 120831.
3, 40277
What are the prime factors of 3690?
2, 3, 5, 41
What are the prime factors of 286?
2, 11, 13
List the prime factors of 11435.
5, 2287
List the prime factors of 4724.
2, 1181
What are the prime factors of 79591?
19, 59, 71
What are the prime factors of 110?
2, 5, 11
What are the prime factors of 52136?
2, 7, 19
What are the prime factors of 372?
2, 3, 31
What are the prime factors of 3538?
2, 29, 61
List the prime factors of 11417.
7, 233
What are the prime factors of 46566?
2, 3, 13, 199
List the prime factors of 1909.
23, 83
What are the prime factors of 19812?
2, 3, 13, 127
What are the prime factors of 9261?
3, 7
What are the prime factors of 9101?
19, 479
List the prime factors of 5928.
2, 3, 13, 19
What are the prime factors of 5584?
2, 349
What are the prime factors of 157856?
2, 4933
List the prime factors of 8693.
8693
What are the prime factors of 90250?
2, 5, 19
List the prime factors of 341.
11, 31
List the prime factors of 70376.
2, 19, 463
What are the prime factors of 64417?
37, 1741
List the prime factors of 59525.
5, 2381
What are the prime factors of 84298?
2, 113, 373
List the prime factors of 611.
13, 47
What are the prime factors of 1185?
3, 5, 79
What are the prime factors of 1506?
2, 3, 251
List the prime factors of 108.
2, 3
List the prime factors of 1509.
3, 503
What are the prime factors of 845?
5, 13
List the prime factors of 1529.
11, 139
List the prime factors of 92825.
5, 47, 79
What are the prime factors of 6541?
31, 211
List the prime factors of 20785.
5, 4157
List the prime factors of 1808.
2, 113
What are the prime factors of 2053?
2053
List the prime factors of 30656.
2, 479
List the prime factors of 4040.
2, 5, 101
List the prime factors of 1187.
1187
What are the prime factors of 10440?
2, 3, 5, 29
List the prime factors of 164.
2, 41
List the prime factors of 28083.
3, 11, 23, 37
What are the prime factors of 15?
3, 5
What are the prime factors of 26741?
11, 13, 17
What are the prime factors of 323?
17, 19
List the prime factors of 31019.
31019
What are the prime factors of 19527?
3, 23, 283
What are the prime factors of 2220?
2, 3, 5, 37
What are the prime factors of 373?
373
List the prime factors of 1575.
3, 5, 7
List the prime factors of 28305.
3, 5, 17, 37
What are the prime factors of 41769?
3, 7, 13, 17
What are the prime factors of 11719?
11719
List the prime factors of 3804.
2, 3, 317
What are the prime factors of 1727?
11, 157
What are the prime factors of 8268?
2, 3, 13, 53
What are the prime factors of 2365?
5, 11, 43
List the prime factors of 10692.
2, 3, 11
List the prime factors of 5524.
2, 1381
List the prime factors of 2714.
2, 23, 59
What are the prime factors of 7536?
2, 3, 157
List the prime factors of 58.
2, 29
What are the prime factors of 7629?
3, 2543
List the prime factors of 18983.
41, 463
List the prime factors of 52700.
2, 5, 17, 31
What are the prime factors of 43501?
41, 1061
What are the prime factors of 1380?
2, 3, 5, 23
List the prime factors of 2241.
3, 83
List the prime factors of 1846.
2, 13, 71
What are the prime factors of 173?
173
List the prime factors of 21582.
2, 3, 11, 109
List the prime factors of 1527.
3, 509
List the prime factors of 1305.
3, 5, 29
List the prime factors of 12532.
2, 13, 241
What are the prime factors of 3915?
3, 5, 29
What are the prime factors of 33773?
33773
List the prime factors of 2966.
2, 1483
What are the prime factors of 589?
19, 31
List the prime factors of 770.
2, 5, 7, 11
What are the prime factors of 17064?
2, 3, 79
What are the prime factors of 716?
2, 179
What are the prime factors of 45?
3, 5
What are the prime factors of 8447?
8447
List the prime factors of 564.
2, 3, 47
What are the prime factors of 3447?
3, 383
List the prime factors of 4654.
2, 13, 179
What are the prime factors of 20275?
5, 811
What are the prime factors of 3409?
7, 487
What are the prime factors of 4400?
2, 5, 11
What are the prime factors of 40491?
3, 11, 409
List the prime factors of 1464.
2, 3, 61
List the prime factors of 814.
2, 11, 37
What are the prime factors of 2207?
2207
List the prime factors of 11299.
11299
List the prime factors of 34385.
5, 13, 23
List the prime factors of 31416.
2, 3, 7, 11, 17
List the prime factors of 28485.
3, 5, 211
List the prime factors of 2520.
2, 3, 5, 7
List the prime factors of 2208.
2, 3, 23
List the prime factors of 2921.
23, 127
What are the prime factors of 1185?
3, 5, 79
What are the prime factors of 8056?
2, 19, 53
What are the prime factors of 2870?
2, 5, 7, 41
List the prime factors of 9353.
47, 199
What are the prime factors of 26392?
2, 3299
What are the prime factors of 570?
2, 3, 5, 19
What are the prime factors of 2541?
3, 7, 11
List the prime factors of 307.
307
List the prime factors of 639.
3, 71
List the prime factors of 1539.
3, 19
What are the prime factors of 2442?
2, 3, 11, 37
List the prime factors of 112649.
127, 887
List the prime factors of 783.
3, 29
List the prime factors of 126672.
2, 3, 7, 13, 29
List the prime factors of 776.
2, 97
List the prime factors of 2571.
3, 857
What are the prime factors of 6567?
3, 11, 199
What are the prime factors of 1618?
2, 809
What are the prime factors of 122549?
7, 41, 61
List the prime factors of 453.
3, 151
List the prime factors of 12254.
2, 11, 557
List the prime factors of 26415.
3, 5, 587
List the prime factors of 1728.
2, 3
What are the prime factors of 7885?
5, 19, 83
What are the prime factors of 1305?
3, 5, 29
List the prime factors of 1230.
2, 3, 5, 41
What are the prime factors of 16831?
16831
What are the prime factors of 986?
2, 17, 29
List the prime factors of 4349.
4349
What are the prime factors of 459?
3, 17
List the prime factors of 1153.
1153
List the prime factors of 1782.
2, 3, 11
What are the prime factors of 162199?
61, 2659
What are the prime factors of 127?
127
What are the prime factors of 7795?
5, 1559
What are the prime factors of 3856?
2, 241
What are the prime factors of 15448?
2, 1931
What are the prime factors of 5017?
29, 173
List the prime factors of 9388.
2, 2347
List the prime factors of 5556.
2, 3, 463
List the prime factors of 3902.
2, 1951
What are the prime factors of 9114?
2, 3, 7, 31
List the prime factors of 2772.
2, 3, 7, 11
List the prime factors of 20424.
2, 3, 23, 37
List the prime factors of 1126.
2, 563
What are the prime factors of 2060?
2, 5, 103
What are the prime factors of 112867?
59, 1913
List the prime factors of 636.
2, 3, 53
What are the prime factors of 4470?
2, 3, 5, 149
List the prime factors of 19121.
19121
List the prime factors of 7662.
2, 3, 1277
List the prime factors of 37848.
2, 3, 19, 83
What are the prime factors of 28366?
2, 13, 1091
List the prime factors of 6433.
7, 919
What are the prime factors of 37599?
3, 83, 151
List the prime factors of 429.
3, 11, 13
What are the prime factors of 37595?
5, 73, 103
What are the prime factors of 1344?
2, 3, 7
What are the prime factors of 30029?
30029
List the prime factors of 3968.
2, 31
What are the prime factors of 717?
3, 239
List the prime factors of 4526.
2, 31, 73
List the prime factors of 12138.
2, 3, 7, 17
What are the prime factors of 7524?
2, 3, 11, 19
What are the prime factors of 1082?
2, 541
What are the prime factors of 679?
7, 97
What are the prime factors of 42944?
2, 11, 61
List the prime factors of 1017.
3, 113
What are the prime factors of 2220?
2, 3, 5, 37
List the prime factors of 13237.
7, 31, 61
List the prime factors of 1277.
1277
What are the prime factors of 6297?
3, 2099
List the prime factors of 164.
2, 41
List the prime factors of 42614.
2, 11, 13, 149
What are the prime factors of 119464?
2, 109, 137
List the prime factors of 90733.
41, 2213
What are the prime factors of 1041?
3, 347
What are the prime factors of 132875?
5, 1063
What are the prime factors of 2221?
2221
What are the prime factors of 17293?
17293
What are the prime factors of 64244?
2, 16061
What are the prime factors of 13147?
13147
What are the prime factors of 7927?
7927
List the prime factors of 329.
7, 47
What are the prime factors of 146609?
146609
List the prime factors of 979.
11, 89
What are the prime factors of 4405?
5, 881
What are the prime factors of 4705?
5, 941
List the prime fact